e 0*f - 7 = 3*f + 2*d, 3*d = -f - 14. Give t(f).
5
Let h(p) = -2*p + 3. Suppose 3*z = 2*z + 3. Determine h(z).
-3
Let v = -20 + 15. Let c(t) = t - 5. Determine c(v).
-10
Suppose -5*o = 5 + 25. Let i = o - -10. Suppose -6*s - 8 = -i*s. Let l(t) = t**2 + 4*t - 2. Calculate l(s).
-2
Let t(l) = -8*l + 1. Let v(m) = 3*m. Let w(i) = 4*t(i) + 11*v(i). Let a be (0 - -1)/((-5)/15). Let g be 3*(a/(-9) - 1). Determine w(g).
2
Suppose -5*r + 10 = -o, 2*r + 3*r + 5*o = 10. Let s(n) = -n**2 + 2 + 2*n**2 - 3*n**r - n**3 + 7*n - 2*n**2. Suppose 0*k = -k - 5. Calculate s(k).
-8
Let r(c) = c**2 - 15*c + 31. Let n be r(13). Let d(a) = -a - 1. Determine d(n).
-6
Let t(i) = 2*i**2 + 3*i - 2. Suppose -30 = -5*z + 10*z. Let h = -9 - z. Give t(h).
7
Suppose k - 3 = 0, -6 = -0*c + 2*c + 2*k. Let g be (15/c - -1)*-2. Let p(d) = d - 1 - g*d + 2. Calculate p(3).
-5
Let s(c) = -c**2 + c. Let o(j) = 7*j**2 - 11*j + 6. Let g(h) = o(h) + 6*s(h). Let x = -4 - -6. Suppose -3*w - x*w = -25. What is g(w)?
6
Let r(u) be the second derivative of u**4/12 - u**2/2 + 5*u. What is r(-2)?
3
Suppose -15 = 5*v + 4*z, 1 = -4*v - 4*z - 11. Let k(i) = i**2 + i + 1. Calculate k(v).
7
Let v(q) = -q**2 - 2. Let o(w) = -w**3 + 4*w**2 - 3*w. Let d = -5 + 8. Let x be o(d). Give v(x).
-2
Let n(s) = s**2 - 2*s. Let v(i) = -3*i - 7. Let j be v(-6). Suppose -5*t + j = x - t, -3*x + 33 = 4*t. Suppose 3*y - w - x = -3, -y + 5*w = -12. Give n(y).
0
Let r = 11 + -9. Suppose 5*c = 2*i - 26, 20 = 3*c - 8*c. Let w(a) = 6*a - 4 + 1 - a**2 - i*a. Determine w(r).
-1
Let t(n) = -n**3 + 6*n**2 + 8*n - 7. Suppose 3*b - 7 - 14 = 0. Determine t(b).
0
Let v be -1*(5 + (0 - 2)). Let s(x) = -2*x + 0 + 1 - 1. What is s(v)?
6
Let h = 16 + -23. Let v(w) = 5*w + 2. Let y(c) = -4*c - 3. Let a(l) = 3*v(l) + 4*y(l). Calculate a(h).
1
Let l be (-1)/(5/10 + -1). Let z(u) = u**2 - 2*u + 3. Give z(l).
3
Let i(y) = -y - y + 4*y - y. Calculate i(-6).
-6
Let a(p) = p**3 + 6*p**2 + 7*p + 6. Suppose x + 2*u - 3 = -1, -u + 4 = 2*x. Suppose 29 = -5*n + x*j, 4*n + j - 2*j = -22. Determine a(n).
-4
Let w(v) = 4*v**2 + 4 + 5*v**2 + 6*v - 3*v**2 + 4 - v**3. Give w(7).
1
Let c(g) = g - 4. Let q(y) = y**3 - 11*y**2 + y - 7. Let s be q(11). What is c(s)?
0
Let x(a) = -a**3 + 2. Suppose m + 2 = b + 6*m, -2*m + 26 = 4*b. Suppose -4*t + 10 = z, 2*t + 4*z + 2 = b*z. What is x(t)?
-6
Let o(a) = 2*a - 5. Let s be o(5). Suppose -3*y = s*g - 19, -g - y = -4*y - 11. Let p(m) = m**2 - 6*m + 7. Give p(g).
2
Let t(w) = 3*w**2. Let a(v) = v**2. Let z(b) = -7*a(b) + 2*t(b). Calculate z(-4).
-16
Let o(w) = -w**2 - 7*w - 7. Suppose -m = -5*t + 115, -4*t + 60 = 4*m - 56. Suppose -f + t = -5*f. Give o(f).
-1
Let k(g) = -g**2 + 6*g - 2. Suppose -3*i + 16 = i. What is k(i)?
6
Let f be 1*(6/(-3) - -3). Let j(i) = i + 8 - 8*i + i**3 - f - 4*i**2 - i**2. Give j(6).
1
Suppose -1 = 2*x + 5. Let y = x + 4. Let q(h) = 2 - h**2 - y + 2*h + 4*h. Give q(5).
6
Let n(p) = 2 - 4 - 236*p + 241*p. Determine n(4).
18
Let a(p) = -22*p - 28. Let l(v) = 7*v + 9. Let z(o) = -3*a(o) - 10*l(o). Let y(x) = -4*x - 5. Let n(b) = 5*y(b) - 4*z(b). Give n(-3).
11
Suppose -5*k + 17*k - 84 = 0. Let n(f) = -f + 8. What is n(k)?
1
Let r(g) = -2*g + 4*g**3 - 1 + 0*g**2 + 4*g - 2*g**2 + 3*g**3. Calculate r(1).
6
Suppose z + 8 = -2*l + 3*l, -3*z = l + 8. Suppose 0 = -u - 3*u + 2*t + 26, l = -4*u - 4*t. Let c(p) be the first derivative of -p**2/2 - 5*p - 1. What is c(u)?
-9
Let o be (8/14)/((-4)/(-14)). Let d(a) = 2*a**2 - a. Calculate d(o).
6
Let r(l) = 0*l**3 - 2 + 4 - 3 + l**3 + 2*l**2. Suppose 0*d = -3*d - 3. What is r(d)?
0
Let q(p) = -17*p - 3. Suppose 0 = 2*c + 2 + 14. Let l(k) = 11*k + 2. Let g(u) = c*l(u) - 5*q(u). Give g(3).
-10
Suppose -2*s = -4*s - 16. Let x(j) = 0*j - 6 + 11 - j + 2*j. Determine x(s).
-3
Let z(s) = s**3 + 4*s**2 - 3*s - 5. Let h be 6 + (-6)/1 + 3. Suppose h*y + 46 = 2*u, -3*y = 1 + 5. Suppose -8*d + 13*d + u = 0. Determine z(d).
7
Let s be (6/(-4))/((-2)/16). Let t = -7 + s. Let u(m) = m**2 - 5*m. Calculate u(t).
0
Let c be (-3 - (-28)/(-12))*3/2. Let y(r) = r + 5. Determine y(c).
-3
Let p be 20/6 - 3/9. Let c(u) be the first derivative of -u**2/2 - 2. Let f be c(p). Let h(y) = y**3 + 4*y**2 + 3*y - 2. What is h(f)?
-2
Let v(f) = -2*f**2 + 0 - 1 + 4*f**2 + f**3. Let d(n) = -n**3 + 2*n**2 - 3*n + 3. Let z be d(2). Determine v(z).
-10
Suppose 9 = 3*k - 0. Let h(f) = -4*f + 2 - k - f**3 + 0*f**2 - 4*f**2. Let a(l) = -l**2 - l. Let p(m) = -5*a(m) + h(m). What is p(0)?
-1
Let u(w) = -w**3 - 4*w**2 + 2*w + 6. Let q = -4 + 8. Suppose 76 = 4*j - q*c, j + 3*c - 24 = 5*c. Suppose 3*a - 2*m + m + j = 0, -14 = 2*a - 3*m. What is u(a)?
-2
Suppose -25 = -4*c - 4*u - 9, -c + 5*u + 10 = 0. Suppose 5*h - 106 = -36. Suppose -h = -c*y - 4. Let x(r) = -2*r**2 + 2*r - 3. Give x(y).
-7
Let l be (-54)/(-72) - (10/(-8) - -1). Let d(n) = 9*n**2 - 7*n**3 - 5*n**2 - 1 - 2*n**2. Give d(l).
-6
Let s be -32 - (2/1 - 0). Let v(d) = -6*d + 5. Let z(b) = -b + 1. Let i(g) = s*z(g) + 6*v(g). Calculate i(-5).
6
Let c be -6 + 2 + 1 - -1. Let r be c/10 + 72/(-15). Let b(w) = w**3 + 5*w**2 + 1. Give b(r).
1
Let k be 0 + (-3 + 3 - 0). Let c(t) = -3*t**2 - 4*t + 4 + k*t**2 + t**2 + t**3 + 0. Calculate c(3).
1
Let g(q) = 8*q**2 - 7*q - 5. Let j(c) = 4*c**2 - 4*c - 3. Let y(z) = 3*g(z) - 5*j(z). Give y(-1).
5
Let v = -7 + 4. Let y(u) = -4*u**3 + 4*u**2 + 5*u. Let z(k) = -5*k**3 + 4*k**2 + 6*k. Let b(x) = -6*y(x) + 5*z(x). Determine b(v).
-9
Let b(p) = 2*p + 1124 - 1124. Determine b(3).
6
Let p = 2 + -6. Let n(x) = x**2 + 4*x + 5. Give n(p).
5
Let p = -9 + 4. Let z(y) = 0*y - 6 - y + 2 - 3. Give z(p).
-2
Let l(w) be the first derivative of -w**3/3 + w**2/2 + w - 5. Give l(-2).
-5
Suppose w + 95 = 6*w. Let p = w + -7. Let k = 7 - p. Let q(a) = a**3 + 4*a**2 - 5*a - 4. Determine q(k).
-4
Let c(a) = -a**2 + 4*a - 1. Let p = -1 + -2. Let j(z) = 1. Let u(t) = p*j(t) - c(t). Determine u(4).
-2
Let n(f) be the first derivative of f**4/4 + f - 1. Let s be n(1). Let h(t) = -s*t + t**3 + 7*t - 2 - t**2 - 2*t. Determine h(2).
8
Let n(f) = 16*f - 34*f + 16*f. Calculate n(2).
-4
Let k = 4 - 9. Let i(c) be the second derivative of 0 - 2*c**2 + c - 1/3*c**3. Calculate i(k).
6
Let w(d) = -4*d - 1. Let q = -112 + 114. What is w(q)?
-9
Let t be 7*9*(-4)/42. Let o(l) = l + 10. Calculate o(t).
4
Let m(t) = -t**2 + 2*t - 2. Let a(r) be the second derivative of -r**3/6 + 4*r**2 - 2*r. Let q be a(6). Give m(q).
-2
Let y(i) = 2 + 5 - 4*i + 3*i. What is y(8)?
-1
Let g(s) = s - 5. Suppose -3 - 3 = -2*y. Determine g(y).
-2
Suppose 5*l = 26 + 24. Let d = l + -7. Let c(s) = s**2 + 2. What is c(d)?
11
Let m = 5 - 8. Let r be 2/4 - (-15)/6. Let h(f) = f + 3 - r. What is h(m)?
-3
Let k(g) = -g**3 + 3*g**2 + 4*g - 1. Let j be (1 - 1 - 2) + 6. Suppose -4*l + j = -3*l. Determine k(l).
-1
Let s(b) = -b + 10. Let j(x) = x + 1. Let k be j(-1). Determine s(k).
10
Let p(x) = -9*x**2 + 4*x + x**3 + 5*x**2 + 0*x**3. Give p(3).
3
Let z be (-2)/(-2*3/12). Let c = z - 2. Let j be (1 + -1)*c/(-4). Let x(l) = l**2 - 6. Give x(j).
-6
Let d(p) = -3*p - p + 1 + 0*p. Let u(n) = 5*n**2 + 7*n + 2. Let b(z) = -9*z**2 - 13*z - 4. Let f(x) = -3*b(x) - 5*u(x). Let i be f(-2). Calculate d(i).
-7
Let g(m) = m + 16. Let u(o) = -o**3 - 4*o**2 - 11. Let a be u(-4). Calculate g(a).
5
Suppose -4*j + 2*o + 12 = 0, -5*j - 3*o = -2*j. Suppose j = -r + 6. Let u(t) = 3*t - 4 - t**2 + 3*t + 0*t. Calculate u(r).
4
Suppose 0 = 3*o - 3 - 9. Suppose 0 = o*i + 7 + 1. Let b(y) = -2*y**3 - y**2. Determine b(i).
12
Let h(j) = -j**3 - 3*j**2 + 2*j - 1. Let a(l) = l**2 + 3*l - 6. Let n be a(-5). Suppose 4*m + 4 = 4*i, 1 + 0 = -3*m + n*i. What is h(m)?
-7
Let i(l) = l**3 + 3*l**2 - 3*l + 5. Let z be i(-4). Suppose 3*o - 1 - 2 = 0. Let q(m) = o - 2*m - 8*m**2 - 2 + 2. What is q(z)?
-9
Let w(o) = o**3 + o**2 - o + 2. Suppose -3*i + 6 = -3*c, 5*i + 4*c + 33 + 2 = 0. Let p = i - -3. Let a be p + 2 - (2 - 0). What is w(a)?
2
Let j(n) = 5*n - 2*n**3 + 3*n**2 + 2*n**3 - 4 - n**3. Suppose g = 3*h - 9, -3*g - 12 = -2*h - 2*h. What is j(h)?
11
Let g(w) = w**3 - 5*w**2 + w - 2. Let v = 173 - 168. Give g(v).
3
Let n(r) = -r**2 + r + 2. Suppose -5*k + 10 = -50. Let t be 9/k - (-1)/4. Suppose t = g - 1. What is n(g)?
0
Let s(c) = c**3 - 5*c**2 + 5*c - 1. Let p be s(4). Let x = p - 1. Let q(j) = -2*j